4376 is divided by 2186?
4
What is the remainder when 427 is divided by 10?
7
What is the remainder when 211 is divided by 65?
16
What is the remainder when 357 is divided by 109?
30
Calculate the remainder when 250 is divided by 15.
10
Calculate the remainder when 475 is divided by 17.
16
Calculate the remainder when 19295 is divided by 12.
11
Calculate the remainder when 55 is divided by 12.
7
Calculate the remainder when 426 is divided by 426.
0
Calculate the remainder when 4461 is divided by 37.
21
Calculate the remainder when 2104 is divided by 35.
4
Calculate the remainder when 596 is divided by 14.
8
What is the remainder when 437 is divided by 26?
21
Calculate the remainder when 8445 is divided by 96.
93
Calculate the remainder when 3831 is divided by 295.
291
What is the remainder when 409 is divided by 55?
24
What is the remainder when 3616 is divided by 30?
16
What is the remainder when 126 is divided by 29?
10
What is the remainder when 77 is divided by 20?
17
What is the remainder when 103 is divided by 17?
1
What is the remainder when 7175 is divided by 3581?
13
What is the remainder when 1026 is divided by 47?
39
Calculate the remainder when 9300 is divided by 4644.
12
Calculate the remainder when 1153 is divided by 15.
13
What is the remainder when 333 is divided by 28?
25
Calculate the remainder when 62 is divided by 25.
12
Calculate the remainder when 272 is divided by 55.
52
Calculate the remainder when 448 is divided by 45.
43
Calculate the remainder when 1791 is divided by 219.
39
What is the remainder when 55 is divided by 8?
7
What is the remainder when 939 is divided by 466?
7
Calculate the remainder when 4902 is divided by 15.
12
What is the remainder when 156 is divided by 36?
12
Calculate the remainder when 776 is divided by 137.
91
Calculate the remainder when 1044 is divided by 19.
18
Calculate the remainder when 99 is divided by 32.
3
Calculate the remainder when 911 is divided by 38.
37
Calculate the remainder when 44 is divided by 29.
15
What is the remainder when 496 is divided by 14?
6
What is the remainder when 424 is divided by 43?
37
What is the remainder when 957 is divided by 80?
77
What is the remainder when 577 is divided by 12?
1
Calculate the remainder when 8193 is divided by 2726.
15
Calculate the remainder when 81 is divided by 48.
33
What is the remainder when 1064 is divided by 97?
94
What is the remainder when 68 is divided by 13?
3
What is the remainder when 149 is divided by 79?
70
What is the remainder when 615 is divided by 39?
30
What is the remainder when 908 is divided by 19?
15
Calculate the remainder when 314 is divided by 80.
74
Calculate the remainder when 798 is divided by 222.
132
What is the remainder when 74 is divided by 10?
4
What is the remainder when 2645 is divided by 88?
5
What is the remainder when 55 is divided by 1?
0
What is the remainder when 1381 is divided by 31?
17
Calculate the remainder when 23 is divided by 5.
3
What is the remainder when 488 is divided by 116?
24
What is the remainder when 83 is divided by 68?
15
What is the remainder when 42 is divided by 21?
0
What is the remainder when 3216 is divided by 641?
11
What is the remainder when 476 is divided by 80?
76
What is the remainder when 58 is divided by 17?
7
What is the remainder when 699 is divided by 19?
15
Calculate the remainder when 194 is divided by 59.
17
Calculate the remainder when 115 is divided by 59.
56
What is the remainder when 288 is divided by 27?
18
What is the remainder when 76 is divided by 6?
4
Calculate the remainder when 183 is divided by 55.
18
What is the remainder when 5424 is divided by 175?
174
Calculate the remainder when 1278 is divided by 32.
30
Calculate the remainder when 63 is divided by 62.
1
What is the remainder when 567 is divided by 553?
14
What is the remainder when 134 is divided by 69?
65
Calculate the remainder when 181 is divided by 82.
17
Calculate the remainder when 97 is divided by 59.
38
Calculate the remainder when 4337 is divided by 217.
214
Calculate the remainder when 308 is divided by 46.
32
What is the remainder when 1027 is divided by 54?
1
What is the remainder when 976 is divided by 28?
24
What is the remainder when 107 is divided by 17?
5
Calculate the remainder when 1836 is divided by 295.
66
Calculate the remainder when 314 is divided by 4.
2
Calculate the remainder when 1224 is divided by 41.
35
What is the remainder when 714 is divided by 16?
10
What is the remainder when 5806 is divided by 22?
20
Calculate the remainder when 2252 is divided by 73.
62
What is the remainder when 338 is divided by 34?
32
What is the remainder when 315 is divided by 51?
9
Calculate the remainder when 613 is divided by 28.
25
Calculate the remainder when 168 is divided by 52.
12
What is the remainder when 151 is divided by 26?
21
What is the remainder when 2397 is divided by 25?
22
Calculate the remainder when 1245 is divided by 26.
23
What is the remainder when 341 is divided by 50?
41
What is the remainder when 816 is divided by 35?
11
Calculate the remainder when 33192 is divided by 5.
2
Calculate the remainder when 480 is divided by 70.
60
Calculate the remainder when 646 is divided by 24.
22
Calculate the remainder when 162 is divided by 15.
12
Calculate the remainder when 267 is divided by 44.
3
What is the remainder when 1024 is divided by 103?
97
What is the remainder when 2007 is divided by 669?
0
What is the remainder when 153 is divided by 52?
49
Calculate the remainder when 972 is divided by 323.
3
Calculate the remainder when 145 is divided by 61.
23
Calculate the remainder when 1323 is divided by 11.
3
What is the remainder when 2555 is divided by 424?
11
What is the remainder when 325 is divided by 36?
1
Calculate the remainder when 1750 is divided by 582.
4
Calculate the remainder when 94 is divided by 32.
30
What is the remainder when 316 is divided by 29?
26
What is the remainder when 796 is divided by 398?
0
Calculate the remainder when 10039 is divided by 5016.
7
Calculate the remainder when 45 is divided by 20.
5
Calculate the remainder when 941 is divided by 274.
119
Calculate the remainder when 409 is divided by 177.
55
Calculate the remainder when 831 is divided by 19.
14
What is the remainder when 49 is divided by 35?
14
Calculate the remainder when 207 is divided by 75.
57
What is the remainder when 703 is divided by 178?
169
Calculate the remainder when 272 is divided by 52.
12
What is the remainder when 33010 is divided by 131?
129
Calculate the remainder when 133 is divided by 13.
3
Calculate the remainder when 468 is divided by 59.
55
What is the remainder when 162 is divided by 13?
6
What is the remainder when 3603 is divided by 103?
101
Calculate the remainder when 112 is divided by 47.
18
What is the remainder when 1184 is divided by 108?
104
Calculate the remainder when 404 is divided by 135.
134
What is the remainder when 2941 is divided by 95?
91
Calculate the remainder when 2531 is divided by 14.
11
What is the remainder when 1834 is divided by 27?
25
Calculate the remainder when 64 is divided by 17.
13
Calculate the remainder when 223 is divided by 127.
96
Calculate the remainder when 485 is divided by 54.
53
Calculate the remainder when 9214 is divided by 48.
46
What is the remainder when 94 is divided by 49?
45
Calculate the remainder when 468 is divided by 106.
44
What is the remainder when 6912 is divided by 12?
0
Calculate the remainder when 99 is divided by 55.
44
Calculate the remainder when 633 is divided by 12.
9
What is the remainder when 1536 is divided by 309?
300
What is the remainder when 29 is divided by 8?
5
Calculate the remainder when 369 is divided by 228.
141
Calculate the remainder when 67 is divided by 55.
12
What is the remainder when 1583 is divided by 790?
3
What is the remainder when 950 is divided by 17?
15
What is the remainder when 18436 is divided by 21?
19
What is the remainder when 153 is divided by 36?
9
What is the remainder when 252 is divided by 16?
12
Calculate the remainder when 61 is divided by 28.
5
What is the remainder when 2582 is divided by 129?
2
Calculate the remainder when 1198 is divided by 100.
98
What is the remainder when 107 is divided by 100?
7
Calculate the remainder when 